?
9
Suppose -37*l + 6747474 = 221*l. What is the hundreds digit of l?
1
Let c = -51 + -4. Let q(a) = 2*a**2 - 42*a + 218. Let s be q(10). What is the units digit of (-15025)/c + s/11?
3
Suppose 4*v - v + 4*u + 4 = 0, -4*v - 5*u - 4 = 0. Let y(k) = 9*k**2 + 3*k - 9. What is the hundreds digit of y(v)?
1
Suppose -241*j + 96*j = -757480. What is the tens digit of j?
2
Let n = 42 + -38. Suppose b = n*b - 9. What is the units digit of -142*(b/(-15) + 9/(-30))?
1
Let m(c) = 87*c**2 - 3. Suppose 7*x - k - 9 = 3*x, -k = 1. What is the tens digit of m(x)?
4
Let n(m) = 188*m**2 - m - 2. What is the units digit of n(1)?
5
Suppose -5*n - 23 = -2*z, -4*z + 45 = -3*n + 6. Suppose -z*q - 2190 = -24*q. What is the units digit of q?
6
Let c(x) = x**3 - 5*x**2 + 10*x - 13. Suppose -12 = -10*h + 6*h. Suppose -1 = -o, -5*u + o + 11 = -h*u. What is the units digit of c(u)?
3
Let h be (16 - 14) + 2*9. Suppose h = 7*l - 15. Suppose 2*a - 256 = -2*n, -n - 630 = -l*a + 4*n. What is the hundreds digit of a?
1
Let x be 5 - 1/(-2)*2. Suppose x = n - 7*n. What is the units digit of (526/14 - n) + 3/7?
9
Let y = -12204 - -45216. What is the ten thousands digit of y?
3
Suppose -3*b = -4*q + 96735, 3*q - 5*b + 7889 = 80421. What is the ten thousands digit of q?
2
Let f = 212 - 70. Suppose f*m - 2574 = 136*m. What is the units digit of m?
9
What is the ten thousands digit of ((-6)/16)/((-9)/6) + 100305235/2740?
3
What is the hundreds digit of (-96)/36*(2 + 33741/(-9))?
9
What is the ten thousands digit of 17 - (-215)/10*802?
1
Let x = 3 + 1. Suppose x*c = 7*c - 45. Let f(n) = -n**3 + 14*n**2 + 18*n - 19. What is the tens digit of f(c)?
2
Suppose -2*z + 4 = -4*z, 5*q + 5*z = 15. Suppose -2*c = -0*c + m - 694, -c + 356 = q*m. What is the tens digit of c?
4
Let y(l) = 1589*l - 1597. What is the tens digit of y(4)?
5
Suppose -15*u + 128888 = 64*u - 65531. What is the units digit of u?
1
Let k be 146*((-30)/(-12) + -1). Let j = 54 + k. What is the units digit of j?
3
Suppose 216465 - 157096 = 25*n - 733481. What is the hundreds digit of n?
7
Let s = -34 + 44. Let d(h) = s*h - 14 + 12*h - 34*h + 10*h. What is the units digit of d(-20)?
6
Suppose 16*z - 109610 = 23447 + 20751. What is the tens digit of z?
1
Let r(c) = 381*c**2 - 37*c - 94. What is the thousands digit of r(-3)?
3
Suppose -3*a = -7*a - h - 20, -5*a + 4*h = 46. What is the hundreds digit of 8 + (3000/8 - a)?
3
Let o = 27 + -22. Let i(h) = -h**3 + 3*h**2 + 11*h. Let s be i(o). Suppose 4*g - 3*v + 8*v = 179, v = -s. What is the tens digit of g?
5
Let w be ((-512)/(-24))/((-1)/(-3)). Let x = 428 + w. What is the hundreds digit of x?
4
Let x = 268395 - 186778. What is the units digit of x?
7
Suppose 0 = 63*p - 80883 + 31806. What is the units digit of p?
9
Let v(p) = 4*p**3 - 8*p**2 - 24*p - 40. What is the thousands digit of v(12)?
5
Let j(a) = a**3 + 12*a**2 + 11*a - 19. Let h be j(-8). Let g = 0 - -2. Suppose 2*i + h = 4*s - s, g*s = i + 98. What is the units digit of s?
7
Suppose 2*f - 6*x - 5 = -5*x, -f = 3*x + 15. Suppose f = 3*a - a - 290. Let r = -51 + a. What is the units digit of r?
4
Suppose -3*h - 16 = -97. Let g be (-16)/(-72) - (-345)/h. Suppose 0 = 8*c - g*c + 665. What is the tens digit of c?
3
Suppose 22*z = s + 20*z - 30077, -60145 = -2*s - 5*z. What is the tens digit of s?
7
Suppose m + 92*y - 94*y = 10019, -3*y - 40086 = -4*m. What is the thousands digit of m?
0
Let d = -1748 + 3178. Suppose -105 = 65*a - 55 - 50. Suppose -3*s - 2*s + d = a. What is the tens digit of s?
8
Suppose 16252 = 7*a - 2487. What is the thousands digit of a?
2
What is the tens digit of 176246/18 + (-408)/918?
9
Let q(a) = a**3 + 9*a**2 - 12*a - 2. Let r be q(-9). Suppose -b - r + 282 = 0. What is the units digit of b?
6
Suppose -350 + 104 = -2*n. Let l = n + 70. What is the units digit of l?
3
What is the tens digit of 64/12 + 4/(-3) - -5730?
3
Let l be (360/(-33))/(-5) - (-6)/(-33). Let m = -6 + 15. Suppose -l*b = -5*b + m, x = -b + 68. What is the tens digit of x?
6
Let g(w) be the second derivative of -2*w**2 + 7/3*w**3 + 17*w + 0. What is the hundreds digit of g(10)?
1
Let f(q) = 9*q**2 - 25*q - 288. What is the thousands digit of f(41)?
3
Let u(g) = -964*g**3 + g**2 + 15*g + 47. What is the units digit of u(-3)?
9
Let u be 7/((-35)/180) + (-1 - -2). Let p = u - -34. What is the tens digit of (p - 1) + 3/((-9)/(-114))?
3
Let a(j) = j**3 - 7*j + 2670. What is the units digit of a(0)?
0
Let z = 130 + -154. What is the tens digit of 13042/14 - (4 + z/7)?
3
Let a be (22 + -23)/(1/670). Let l = a - -1204. What is the hundreds digit of l?
5
Suppose z + 100931 = 188*j - 185*j, -134548 = -4*j - 2*z. What is the ten thousands digit of j?
3
Let t be 299/1 - ((-28)/(-4) + -6). Let a = -156 + t. What is the tens digit of a?
4
Let r = -6 + 9. Suppose -5*y - 2152 = -4*f, -968 - 651 = -3*f + 5*y. Suppose 16*a - r*a = f. What is the units digit of a?
1
Suppose -19813 = -2*v + 46*v - 357513. What is the tens digit of v?
7
Let i = -123 + -790. Let k = 549 + i. Let q = k + 517. What is the hundreds digit of q?
1
Let l = 74 + -86. Let g(y) = -y**3 - 13*y**2 - 33*y - 15. What is the hundreds digit of g(l)?
2
Suppose 28*l - j - 3 = 26*l, 5*j = -4*l - 15. Suppose l*t = 14*t - 1848. What is the hundreds digit of t?
1
Let o = -15948 + 37520. What is the tens digit of o?
7
Let u(k) = -39*k**3 - 49*k**2 - 7*k + 99. What is the thousands digit of u(-9)?
4
Let z(y) be the first derivative of y**4/4 + 8*y**3/3 + 19*y**2/2 + 46*y - 79. What is the units digit of z(-6)?
4
Suppose -2*z + 23 = 3*c - 899, -z + 5 = 0. What is the units digit of 3/(-7) + c/56?
5
Let j(s) = 828*s + 890. What is the thousands digit of j(25)?
1
Let b be 10/((-33)/(-4) - 7). Suppose -2*l = -5*x - 1897, b*l + 3788 = 12*l - 4*x. What is the hundreds digit of l?
9
Suppose -2*s - 2 = -5*o, -4*s - 2 = 4*o - 2*s. Suppose o = 5*d + 25, h - 2*d = -d - 270. Let a = -147 - h. What is the hundreds digit of a?
1
Suppose 178*i = 82950 + 918478. What is the hundreds digit of i?
6
Suppose 2*g + 5*u = 21857, 0 = -135*g + 131*g + u + 43659. What is the tens digit of g?
1
Suppose -5*z + 388 = a, -4*z + 386 = -3*a + 68. What is the hundreds digit of 1 - (636 - 0)*(-104)/z?
8
Let q(v) be the second derivative of -3*v**5/20 - v**4/3 + v**3/3 + 2*v**2 + 4*v + 9. Suppose -3*o = -4 + 13. What is the units digit of q(o)?
3
Suppose -12 = 2*r - 5*r - 3*v, 5*r + 3*v = 14. Let h be (r - 3)*(29 - (-2 - -3)). What is the tens digit of (-2 + (h - -2))*-1?
5
Let z(x) = 17*x**2 - 13*x**2 - 11*x - 4616 + x + 4552 + 23*x**2. What is the units digit of z(7)?
9
Suppose z = 16 + 6. Suppose 0 = z*h - 14*h - 2120. What is the tens digit of h?
6
Let c(y) = 2*y + 10*y**2 + 9 - 4*y - 9*y**2. Let l be c(-9). Suppose 3*h = 2*n - 178, -4*n = -2*h - l - 232. What is the units digit of n?
3
Suppose 0 = -58370*h + 58350*h + 547100. What is the ten thousands digit of h?
2
Let j(q) = 4*q + 19. Let d(t) = -5*t - 20. Let u(y) = -6*d(y) - 7*j(y). Let b be u(9). What is the units digit of (4/b)/(6/255)?
4
Let g = 32694 - 18393. What is the units digit of g?
1
Let n(h) be the third derivative of h**5/15 - h**4/24 - 25*h**3/6 + h**2. Suppose 0 = 2*q - 3*v - 14 + 17, -3*q = 3*v - 33. What is the hundreds digit of n(q)?
1
Suppose -5374 = -11*d - 1700. Let p = d + 28. What is the units digit of p?
2
Let d(w) = 36 - 31*w + 6*w + 35 - 14*w. What is the tens digit of d(-8)?
8
Let i = 17187 - 623. What is the units digit of i?
4
Suppose -7*r + 30*r = 0. Suppose r = -7*x - 401 + 1507. What is the units digit of x?
8
Suppose 0 = -k + f + 9230, 3*k + 0*k - 27740 = -7*f. What is the tens digit of k?
3
Let w = 1838 + -2166. Let d = -7 - -19. What is the tens digit of (-3)/1*w/d?
8
Suppose -2*z + s = 2*z - 383, -3*s + 15 = 0. Suppose -4*i + z - 13 = 0. Suppose 69 = 2*y - i. What is the units digit of y?
5
Let l = 36218 - -5152. What is the hundreds digit of l?
3
Let d be -146 + -4 - (2 + -9). Let l = d + 273. What is the units digit of l?
0
Let o = -186 + 183. What is the tens digit of (-12)/(-63)*o + (-39324)/(-21)?
7
What is the hundreds digit of 5849 + 42 - (-8 + 1 - 0)?
8
Suppose 1255 = 2*l - 27*a + 28*a, 0 = -l - 5*a + 650. What is the tens digit of l - ((-57)/(-11) + 6/(-33))?
2
Let s(y) be the first derivative of 20*y**3/3 - 71*y**2/2 + 23